et k be r(4). Let a = k + n. List the prime factors of a.
2, 5
Suppose -u - 155 = -5*l, -4*l - 4*u + 59 = -41. List the prime factors of l.
2, 3, 5
Let u(s) = s - 3. Let a be u(8). Suppose 5*m - m = -a*x + 84, m - 17 = -x. What are the prime factors of x?
2
Let f(y) = -y**2 - 5*y - 2. Let p be f(-4). Suppose -p*d - 32 = -3*d. Suppose -3*t + d = t. What are the prime factors of t?
2
Suppose 5*x = -2*o + 21, 3*o = o - 3*x + 31. What are the prime factors of o?
23
Let z = 247 + -140. List the prime factors of z.
107
Let h be (-1)/(3*(-4)/(-24)). List the prime factors of h/6 + (-31)/(-3).
2, 5
Suppose -3*l = -4*s - 11, 5*l + 0*s - 5*s = 25. List the prime factors of l.
3
Let j(d) = -13*d**2 + d**2 + d**3 - 2*d**3 - 12*d. What are the prime factors of j(-11)?
11
Let s = 48 - 12. List the prime factors of s.
2, 3
Suppose 2*c - 248 = -q, -3*c - 8*q = -11*q - 381. What are the prime factors of c?
5
Let z = 12 - 12. List the prime factors of (-15)/(-5) + (z - -12).
3, 5
Let y = 185 - 96. List the prime factors of y.
89
Suppose r + 20 = -3*r. Let s = r + 4. List the prime factors of 5*2/(-2)*s.
5
What are the prime factors of -2 - (20/(-5) + -40)?
2, 3, 7
Let s(v) = -v**2 + 5*v. Let u be s(5). Suppose 0 = 5*q - 2*g - 53, u + 9 = q - 2*g. What are the prime factors of q?
11
Let w = -5 + 11. Let q = 7 - w. Suppose -q = n + 5*r, 4*r = -0*r - 8. List the prime factors of n.
3
Let m(j) = -j**3 + 5*j**2 - 3*j. Let t be m(4). Suppose 19 = 5*v + t. List the prime factors of 18*(5/v + -1).
2, 3
Suppose -3*b = 3*f - 4*b - 141, 3*f - 132 = -2*b. List the prime factors of f.
2, 23
Suppose -5*f = -4*f - 19. What are the prime factors of f?
19
Let b be (4 - -2)*6/(-4). Let s(f) = -f**3 - 9*f**2 - 7*f + 5. Let l(m) = -m**2 + 1. Let q(c) = -l(c) - s(c). List the prime factors of q(b).
2, 3
Let d(a) = a - 8 + 4 - 8*a - a**2. Let t be d(-7). List the prime factors of (-14)/(-4)*t/(-2).
7
Suppose 0*n = -3*n + f - 14, n - 17 = -4*f. Suppose 7*h + 4*y - 30 = 2*h, 3*h - 2*y - 18 = 0. Let v = h + n. List the prime factors of v.
3
Suppose -2*t - 2*j + 46 = 0, 5*t + 2*j = 5*j + 91. Suppose -u + 5*u - t = 0. What are the prime factors of u?
5
Let s = -54 - -93. List the prime factors of s.
3, 13
List the prime factors of 132 - (-15)/(-9 + 4).
3, 43
Let r(j) = j + 6. Let m = -7 + 10. Suppose -m*h = -8*h. List the prime factors of r(h).
2, 3
Suppose -2*x - 6 = 2. Let g = x - -4. List the prime factors of (g + -12)*(-1)/2.
2, 3
Suppose -3*g + 2 + 28 = 0. List the prime factors of g.
2, 5
Let w = -19 - -43. Suppose -k + 3*k = w. List the prime factors of k.
2, 3
Let j(s) = -s**3 - 5*s**2 - 4*s + 3. Let x = 5 - 3. Suppose 15 = -5*b, 4*v + 7 = b + x*b. What are the prime factors of j(v)?
3
Suppose -2*t + 305 = -7*t. Let d = t - -22. List the prime factors of (d/3 + 2)*-1.
11
Let x be (1/2 + -1)*-4. Suppose j = -0*j - 3*u + 6, 2*u = x*j - 4. Suppose 2*i = c + 18, 4*c - 20 - 18 = -j*i. List the prime factors of i.
2, 5
Suppose k + 6 = -4*s, -5*s + 2*s = 2*k - 8. List the prime factors of k.
2, 5
Let m be (-86)/18 - 12/54. Let f be (m - -4)/((-1)/4). Suppose 0 = -6*w + f*w + 10. List the prime factors of w.
5
Suppose 0 = -o + 4. Let n be (-15)/(-2) - 2/o. Let c = n + -3. What are the prime factors of c?
2
Suppose -176 = 4*g - 0*g. Let t be (-1)/((-1)/g*-2). Suppose -4*r + 19 = 3*v, 0 = 4*v + r - 12 - t. What are the prime factors of v?
3
Let c(g) = 21*g - 4. Let h be c(4). Let n = h - 34. List the prime factors of n.
2, 23
Let d be (16/10)/((-8)/40). Let u(f) = f**3 + 9*f**2 + 7*f + 5. What are the prime factors of u(d)?
13
Let i(p) = -4 - 6*p - 5*p**2 + 6*p**2 - 2*p. What are the prime factors of i(9)?
5
Suppose 0*b - 4*b = -256. List the prime factors of b.
2
Let s(i) = i**3 + 7*i**2 + 4. Let w be s(-7). Suppose -w*o - o = -50. Suppose -3*y = -o - 5. What are the prime factors of y?
5
Suppose -4*l - 384 = -4*z - l, 515 = 5*z + 5*l. List the prime factors of z.
3, 11
Let d = -1376 + 854. List the prime factors of (-18)/63 + d/(-14).
37
Let j = 6 - 3. Suppose v + u - j - 9 = 0, 3*u - 9 = 0. Let r(q) = -q + 12. List the prime factors of r(v).
3
Let r be 5 - (-12)/4*-1. Suppose 3*g - 7 = r*g. List the prime factors of g.
7
Suppose 2*h - 14 = 162. Suppose -47 = -2*n + 3*s, -2*n + 6*n = 4*s + h. List the prime factors of n.
19
Let a = -17 + 13. List the prime factors of (-14)/3*6/a.
7
Let h(i) = -i**3 + 8*i**2 + 5*i - 6. Let l(r) = -r + 1. Let s be l(-7). What are the prime factors of h(s)?
2, 17
Suppose -2*z - 3 = 5. Let k = -2 + 2. Let q = k - z. What are the prime factors of q?
2
Let x = -17 - -24. List the prime factors of x.
7
Let p(a) be the first derivative of -a**2/2 + 5*a - 5. List the prime factors of p(0).
5
Let g(k) = k - 2. Let h be g(6). Suppose -h*d = -63 + 11. List the prime factors of d.
13
Let k(u) = -u**3 + 7*u**2 + 3*u - 4. What are the prime factors of k(7)?
17
Suppose -o = 3*o - 20. Suppose -o*a + 62 = -48. List the prime factors of a.
2, 11
Suppose 3*a - 2*b = 103, -2*a - 5*b + 32 + 62 = 0. What are the prime factors of a?
37
Suppose 8 = -m + 3*m. Let z = -1 + m. What are the prime factors of z?
3
Suppose 2*j - 3 = 5*c, -3*c + 8 + 3 = 2*j. List the prime factors of c*(-3)/3*-3.
3
Suppose 5*j - 10 = 3*h, 3*j = -2*j - 4*h + 10. Suppose l - 55 = 2*t, 0 = -j*t + 6. List the prime factors of l.
61
Let x = 17 + -28. Let s = -8 - x. Suppose -t + 3*i + 5 = -13, 3*i - 18 = -s*t. What are the prime factors of t?
3
Let c(k) = k**2 - 2*k - 1. Suppose 10 - 2 = 2*s. Suppose -4*o - 2 = -5*d, s*o + 3*d + 4 = -14. List the prime factors of c(o).
2, 7
Suppose 3*a = -g + 2, -3*g + a = -0*g - 16. Suppose g*k + 14 = 34. What are the prime factors of k?
2
What are the prime factors of (-6)/9*-3 + 10?
2, 3
Let s = 268 + -200. What are the prime factors of s?
2, 17
What are the prime factors of (-5)/(-10) + 123/6?
3, 7
Suppose 5*s = 3*b - 9, 4 = b + 1. Suppose -36 = -4*g - s. Suppose f - 4*f = -g. List the prime factors of f.
3
Suppose -4*r = -r - 42. Suppose 0*v = v - r. What are the prime factors of v?
2, 7
Let p(j) = j**3 + 10*j**2 + 4*j + 11. What are the prime factors of p(-9)?
2, 7
Let w be (-16)/6*6/(-4). Suppose -5*m + 4*m + w = 0. Suppose -9*c = -m*c - 10. What are the prime factors of c?
2
Let w(n) = n**3 - 2*n**2 + 2*n - 16. List the prime factors of w(5).
3, 23
Let h = -12 + 15. Let q(l) = 2*l**3 - 2*l**2 + 2*l - 4. What are the prime factors of q(h)?
2, 19
Let n = 1 + -1. Suppose 3*k + k + 48 = -m, m + 4 = n. Let x = -6 - k. List the prime factors of x.
5
Suppose 95 = 6*f + 17. Suppose 20 + f = d. List the prime factors of d.
3, 11
Suppose -6*t + 3*t = -15. Suppose -4*n - b + 19 + 1 = 0, t*n - 5*b = 0. List the prime factors of n.
2
Let h(f) = f - 6*f**3 - 5*f**2 + 5*f**3 - 1 - 2. Let g be h(-5). What are the prime factors of 1 - ((g - -2) + 2)?
5
Suppose -10*r + 5*r + 770 = 0. What are the prime factors of r?
2, 7, 11
Let l(x) = -x**3 + 4*x**2 + 2*x - 6. Let z be l(4). Let a be 2/(-6) - (-300)/9. Suppose -z*r + a = r. What are the prime factors of r?
11
Let x be (-2)/(-2) + 11/1. Suppose h - x = 2. What are the prime factors of h?
2, 7
Let s(k) = k**3 + 3*k**2 - 17*k + 5. What are the prime factors of s(5)?
2, 3, 5
Let q = 0 - 0. Suppose q = -4*f + 10 - 2. What are the prime factors of f?
2
Suppose 0 = -0*x + 5*x. Suppose x = j + 5*m - 25, 2*m + 0 = 2. Let h = j - 7. What are the prime factors of h?
13
Let x(h) be the third derivative of -h**4/6 + h**3/2 + 4*h**2. What are the prime factors of x(-4)?
19
Suppose -3*k = 3*q + 174, -3*q = 2*k + 2*k + 179. Let h = 83 + q. List the prime factors of h.
2, 3, 5
Let o = 17 - 15. Suppose 0 = -3*n - o*b + 47, 3*n + 5*b - 25 - 34 = 0. What are the prime factors of n?
13
Suppose 48 = -4*f + 1140. List the prime factors of f.
3, 7, 13
Let y be 6*(2 - (-8)/(-6)). Let w be (-1)/1 + (y - 2). List the prime factors of w/2 + (-17)/(-2).
3
Suppose -178 = -b - 65. What are the prime factors of b?
113
What are the prime factors of (-10)/(-3)*84/8?
5, 7
Let h = 16 + 8. Let f = h - 6. What are the prime factors of f?
2, 3
Let r be (-6)/((-3 - -1) + 0). Let n(a) = r*a - a - 3 - 4*a. What are the prime factors of n(-8)?
13
Let g(w) = w**3 + 11*w**2 - 12*w + 4. Let y be g(-12). Suppose -3*l - 4*o + 37 = 0, 0*l - y*o = l - 15. List the prime factors